{"id":2934,"date":"2020-12-14T12:34:43","date_gmt":"2020-12-14T10:34:43","guid":{"rendered":"http:\/\/organizacijska-energija.si\/?page_id=2934"},"modified":"2022-12-09T19:41:46","modified_gmt":"2022-12-09T17:41:46","slug":"revija","status":"publish","type":"page","link":"https:\/\/organizacijska-energija.si\/index.php\/revija\/","title":{"rendered":"Revija"},"content":{"rendered":"<p>[vc_row][vc_column][vc_column_text]<\/p>\n<h2><span style=\"color: #ff6600;\">Vodenje za dvig organizacijske energije\u00a0<\/span><\/h2>\n<p>ISSN 2738-4985<\/p>\n<p>&nbsp;<\/p>\n<p>Revija <span style=\"color: #000000;\"><strong>Vodenje za dvig organizacijske energije<\/strong><\/span> je produkt projekta Organizacijska energija, ki ga izvajamo kontinuirano <strong>od leta 2016<\/strong>. Revija izhaja enkrat letno ob dogodku, kjer razglasimo rezultate nacionalnega merjenja organizacijske energije. \u00a0V reviji objavljamo <strong>strokokovne \u010dlanke iz podro\u010dja raziskovanja fenomena organizacijske energije.<\/strong><\/p>\n<p>Revija je namenjena <strong>vodjem<\/strong> in <strong>kadrovskim strokovnjakom<\/strong> ter <strong>vsem, ki se \u017eelijo poglabljati v podro\u010dje organizacijske energije ter spro\u0161\u010danja talentov ter zmo\u017enosti ljudi.<\/strong>[\/vc_column_text][\/vc_column][\/vc_row][vc_row][vc_column][vc_text_separator title=&#8221;&#8230;&#8221; color=&#8221;orange&#8221;][\/vc_column][\/vc_row][vc_row][vc_column width=&#8221;1\/4&#8243;][vc_single_image image=&#8221;3399&#8243; img_size=&#8221;700&#215;900&#8243; alignment=&#8221;center&#8221; onclick=&#8221;custom_link&#8221; link=&#8221;https:\/\/issuu.com\/danijela72\/docs\/vodenje_za_dvig_organizacijske_energije_2022_corrd&#8221;][\/vc_column][vc_column width=&#8221;3\/4&#8243;][vc_column_text]<span style=\"color: #ff6600;\">LETNIK 5, \u0160T.5 \/ DECEMBER 2022<\/span><\/p>\n<p>V\u00a0leto\u0161nji reviji Vodenje za dvig organizacijske energije smo \u00a0<b>v ospredje postavili skrb za ustvarjanje energijsko spodbudnega delovnega okolja.<\/b>\u00a0V njej se spra\u0161ujemo o tem, <strong>ali je treba na novo izumiti delo<\/strong>, saj stari vzorci ne zadovoljujejo ve\u010d v zadostni meri potreb ljudi. Spra\u0161ujemo se kako oblikovati <b>ekonomsko zdravo, psiholo\u0161ko stimulativno in \u010dustveno nagrajeno delovno okolje?\u00a0<\/b>Po paradigmi H2H <i>(Human to Human)<\/i> so to tudi <b>glavni HRM elementi trajnostne rasti organizacij<\/b> in na\u0161a skupna odgovornost je, <b>da se podamo na pot raziskovanja regeneracije<\/b> (in ne\u00a0iz\u010drpavanja) <b>\u010dlove\u0161ke energije. \u00a0<\/b><\/p>\n<p><em>V reviji pi\u0161ejo: \u00a0dr. Danijela Bre\u010dko, Kirsten Buck,\u00a0Kim Cameron,\u00a0Ur\u0161ka Lan,\u00a0Ur\u0161ka Merljak in<\/em>\u00a0<em>Perry Timms<\/em><\/p>\n<p><strong><a href=\"https:\/\/issuu.com\/danijela72\/docs\/vodenje_za_dvig_organizacijske_energije_2022_corrd\"><span style=\"color: #ff6600;\">Preberite jo!<\/span><\/a><\/strong>[\/vc_column_text][\/vc_column][\/vc_row][vc_row][vc_column][vc_text_separator title=&#8221;&#8230;&#8221; color=&#8221;orange&#8221;][\/vc_column][\/vc_row][vc_row][vc_column width=&#8221;1\/4&#8243;][vc_single_image image=&#8221;3177&#8243; img_size=&#8221;700&#215;900&#8243; alignment=&#8221;center&#8221; onclick=&#8221;custom_link&#8221; link=&#8221;https:\/\/issuu.com\/danijela72\/docs\/vodenje_za_dvig_organizacijske_energije_2021&#8243;][\/vc_column][vc_column width=&#8221;3\/4&#8243;][vc_column_text]<span style=\"color: #ff6600;\">LETNIK 4, \u0160T. 4\u00a0\/ DECEMBER 2021<\/span><\/p>\n<p>V\u00a0leto\u0161nji reviji Vodenje za dvig organizacijske energije smo \u00a0<b>v ospredje postavili skrb za osebno energijo<\/b>, njihov skupek je namre\u010d vir kolektivne in v delovnih organizacijah vir organizacijske energije. V njej pi\u0161emo o pomenu\u00a0<b>psiholo\u0161ke varnosti <\/b>in njenemu vplivu na organizacijsko energijo. Radovednega bralca bodo zagotovo zanimali\u00a0na\u010dini in poti za <b>krepitev odporne pro\u017enosti, \u00a0<\/b>v reviji pa boste na\u0161li tudi \u00a0u\u010dinkovite\u00a0<b>prakti\u010dne pristope\u00a0za bolj\u0161e ravnanje z osebno energijo na delovnem mestu<\/b>.<\/p>\n<p>.<\/p>\n<p><em>V reviji pi\u0161ejo: \u00a0Manica Bohar,\u00a0dr. Danijela Bre\u010dko, dr. Sre\u010dko Devjak, dr. Milan Hosta,\u00a0Tadej Petek,\u00a0mag. Natalie Cvikl Postru\u017enik, Elizabeth Grau Sauders<\/em><\/p>\n<p><strong><a href=\"https:\/\/issuu.com\/danijela72\/docs\/vodenje_za_dvig_organizacijske_energije_2021\"><span style=\"color: #ff6600;\">Preberite jo!<\/span><\/a><\/strong>[\/vc_column_text][\/vc_column][\/vc_row][vc_row][vc_column][vc_text_separator title=&#8221;&#8230;&#8221; color=&#8221;orange&#8221;][\/vc_column][\/vc_row][vc_row][vc_column width=&#8221;1\/4&#8243;][vc_single_image image=&#8221;2945&#8243; img_size=&#8221;700&#215;900&#8243; alignment=&#8221;center&#8221; onclick=&#8221;custom_link&#8221; link=&#8221;https:\/\/issuu.com\/danijela72\/docs\/vodenje_za_dvig_organizacijske_energije_2020_final&#8221;][\/vc_column][vc_column width=&#8221;3\/4&#8243;][vc_column_text]<span style=\"color: #ff6600;\">LETNIK 3, \u0160T. 3 \/ DECEMBER 2020<\/span><\/p>\n<p>V reviji\u00a0Vodenje za dvig organizacijske energije 2020 se osredoto\u010damo na\u00a0 iskanje odgovorov, kako gospodariti z energijo zaposlenih v kriznih situacijah, katere aktivnosti so energijsko u\u010dinkovite in katere ne, odkrivamo povezavo med gradniki organizacijske energije ter lastnostmi avtopoieti\u010dne osebnosti (samozavedanje, svobodna volja&#8230;), opozarjamo na nove\u00a0 dejavnike motivacije pri\u00a0&#8220;kovidskem&#8221; \u010dloveku in\u00a0izpostavjamo osebno zgodbo energijskega preboja, ki nam govori, da verjemimo v svoj glas.\u00a0Pi\u0161emo tudi o ve\u0161\u010dinah \u010dustveno-inteligentne komunikacije skozi prizmo osebne energije.<\/p>\n<p><em>V reviji pi\u0161ejo: mag. Mari Bo\u017ei\u010d, dr. Danijela Bre\u010dko, dr. Heike Bruch, Meta Gro\u0161elj, dr. Dan Podjed.<\/em><\/p>\n<p><strong><a href=\"https:\/\/issuu.com\/danijela72\/docs\/vodenje_za_dvig_organizacijske_energije_2020_final\"><span style=\"color: #ff6600;\">Preberite jo!<\/span><\/a><\/strong>[\/vc_column_text][\/vc_column][\/vc_row][vc_row][vc_column][vc_text_separator title=&#8221;&#8230;&#8221; color=&#8221;orange&#8221;][\/vc_column][\/vc_row][vc_row][vc_column width=&#8221;1\/4&#8243;][vc_single_image image=&#8221;2957&#8243; img_size=&#8221;670&#215;870&#8243; alignment=&#8221;center&#8221; onclick=&#8221;custom_link&#8221; link=&#8221;https:\/\/issuu.com\/danijela72\/docs\/vodenje_za_dvig_organizacijske_energije_2019&#8243;][\/vc_column][vc_column width=&#8221;3\/4&#8243;][vc_column_text]<span style=\"color: #ff6600;\">LETNIK 2, \u0160T. 2\u00a0\/ DECEMBER 2019<\/span><\/p>\n<p>V reviji\u00a0Vodenje za dvig organizacijske energije 2019 pi\u0161emo o tem,\u00a0kako prebudimo zmagovalno energijo v nas, o energiji in vodenju, o\u00a0energiji za zmago, ki je stvar odlo\u010ditve, kjer predstavljamo\u00a0zmagovalni preboj japonskega skakalca Ryoyu Kobayashija. \u00a0 Odkrivamo \u0161e, kako s \u010duje\u010dim zavedanjem do agilne transformacije podjetij ter kak\u0161no vlogo igra humor pri spodbujanju produktivne energije. \u00a0Razkrivamo tudi kako z \u00a0energijski coachingom vplivatti nase in na druge, da svoje delo opravimo kar najbolj\u0161e ter predstavljamo dve izbrani dobri praksi gospodarjenja z organizacijsko energijo. Revija vsebuje <strong>notranjo prilogo Organizacijska energija vzdol\u017e statisti\u010dnih regij Slovenije.<\/strong><\/p>\n<p><em>V reviji pi\u0161ejo: dr. Danijela Bre\u010dko, dr. Franci \u010ce\u010d, Matej Golob, Marina Hrs, Iris Kline Arih, Tadeja Zupan.<\/em><\/p>\n<p><a href=\"https:\/\/issuu.com\/danijela72\/docs\/vodenje_za_dvig_organizacijske_energije_2019\"><span style=\"color: #ff6600;\"><strong>Preberite jo!<\/strong><\/span><\/a>[\/vc_column_text][\/vc_column][\/vc_row][vc_row][vc_column][vc_text_separator title=&#8221;&#8230;&#8221; color=&#8221;orange&#8221;][\/vc_column][\/vc_row][vc_row][vc_column width=&#8221;1\/4&#8243;][vc_single_image image=&#8221;2960&#8243; img_size=&#8221;600&#215;800&#8243; alignment=&#8221;center&#8221; onclick=&#8221;custom_link&#8221; link=&#8221;https:\/\/issuu.com\/danijela72\/docs\/vodenje_za_dvig_organizacijske_energije_final_web&#8221;][\/vc_column][vc_column width=&#8221;3\/4&#8243;][vc_column_text]<span style=\"color: #ff6600;\">LETNIK 1, \u0160T. 1\u00a0\/ DECEMBER 2018<\/span><\/p>\n<p>V reviji\u00a0<strong>Vodenje za dvig organizacijske energije 2018<\/strong>\u00a0pi\u0161emo o uravnote\u017eeni energiji dobrega vodenja in vodje spra\u0161ujemo ali vodijo z dobro ali slabo energijo\u00a0ter\u00a0razkrivamo njihovo vlogo pri gospodarjenju z organizacijsko energijo. \u00a0Raziskujemo energijo za spremembe in razkrivamo skrivnost uspeha Igorja Koko\u0161kova in slovenske ko\u0161arkarske reprezentance na Evropskem ko\u0161arkarskem prvenstvu. Predstavljamo povezanost med osebno energijo in energijo organizacije ter izmenjujemo dobre prakse gospodarjenja z organizacijsko energijo v podjetju RLS merilna tehnika. V\u00a0reviji tudi celovito predstavljamo <strong>partnerje projekta<\/strong>\u00a0<strong>Organizacijska energija.<\/strong><\/p>\n<p><em>V reviji pi\u0161ejo: dr. Danijela Bre\u010dko,\u00a0mag. Natalie Cvikl Postru\u017enik, Simona Klan\u010dnik, dr. Lucija Mulej \u00a0Mlakar, Tina Zakraj\u0161ek.<\/em><\/p>\n<p><strong><a href=\"https:\/\/issuu.com\/danijela72\/docs\/vodenje_za_dvig_organizacijske_energije_final_web\"><span style=\"color: #ff6600;\">Preberite jo<\/span><span style=\"color: #ff6600;\">!<\/span><\/a><\/strong>[\/vc_column_text][\/vc_column][\/vc_row]<\/p>\n","protected":false},"excerpt":{"rendered":"<p>[vc_row][vc_column][vc_column_text] Vodenje za dvig organizacijske energije\u00a0 ISSN 2738-4985 &nbsp; Revija Vodenje za dvig organizacijske energije je produkt projekta Organizacijska energija, ki ga izvajamo kontinuirano od leta 2016. Revija izhaja enkrat letno ob dogodku, kjer razglasimo rezultate nacionalnega merjenja organizacijske energije. \u00a0V reviji objavljamo strokokovne \u010dlanke iz podro\u010dja raziskovanja fenomena organizacijske energije. Revija je namenjena vodjem&nbsp;<\/p>\n<p><a class=\"btn btn-style\" href=\"https:\/\/organizacijska-energija.si\/index.php\/revija\/\">Preberite ve\u010d&#8230;.<\/a><\/p>\n","protected":false},"author":1,"featured_media":0,"parent":0,"menu_order":0,"comment_status":"closed","ping_status":"closed","template":"","meta":{"footnotes":""},"class_list":["post-2934","page","type-page","status-publish","hentry"],"aioseo_notices":[],"acf":[],"_links":{"self":[{"href":"https:\/\/organizacijska-energija.si\/index.php\/wp-json\/wp\/v2\/pages\/2934","targetHints":{"allow":["GET"]}}],"collection":[{"href":"https:\/\/organizacijska-energija.si\/index.php\/wp-json\/wp\/v2\/pages"}],"about":[{"href":"https:\/\/organizacijska-energija.si\/index.php\/wp-json\/wp\/v2\/types\/page"}],"author":[{"embeddable":true,"href":"https:\/\/organizacijska-energija.si\/index.php\/wp-json\/wp\/v2\/users\/1"}],"replies":[{"embeddable":true,"href":"https:\/\/organizacijska-energija.si\/index.php\/wp-json\/wp\/v2\/comments?post=2934"}],"version-history":[{"count":0,"href":"https:\/\/organizacijska-energija.si\/index.php\/wp-json\/wp\/v2\/pages\/2934\/revisions"}],"wp:attachment":[{"href":"https:\/\/organizacijska-energija.si\/index.php\/wp-json\/wp\/v2\/media?parent=2934"}],"curies":[{"name":"wp","href":"https:\/\/api.w.org\/{rel}","templated":true}]}}